{"id":132,"date":"2018-08-10T16:58:23","date_gmt":"2018-08-10T14:58:23","guid":{"rendered":"https:\/\/www.bancoboveri.com\/shop\/?post_type=product&#038;p=132"},"modified":"2025-07-16T13:29:18","modified_gmt":"2025-07-16T11:29:18","slug":"padbrush-8-20cm","status":"publish","type":"product","link":"https:\/\/www.bancoboveri.com\/shop\/catalogo\/prodotto\/padbrush-8-20cm\/","title":{"rendered":"PadBRUSH 8 pollici &#8211; 20cm"},"content":{"rendered":"<div class=\"rte\">\n<p>La facilit\u00e0 d&#8217;uso del tampone Padco PadBRUSH permette di pitturare pareti e soffitti velocemente grazie alle decine di migliaia di minifibre in Nylfoam che trattengono la pittura e la rilasciano rapidamente sulla superficie riducendo colature e aumentando la velocit\u00e0 di esecuzione del lavoro. Padco PadBRUSH \u00e8 ideale per pitturazioni tradizionali, decorazione e applicazione di colle per tappezzeria. Per qualsiasi superficie pitturabile, compatibile con prodotti all&#8217;acqua (pulizia con acqua e sapone del tampone autoadesivo) e prodotti a solvente tradizionale (sostituzione del tampone autoadesivo)<\/p>\n<p>Padco PadBRUSH presenta bordi a spessore per creare bordi dritti e perfetti.<\/p>\n<p>Usa la vaschetta Padco Paint Pad Tray per immergere correttamente il tampone evitando materiale in eccesso e colature di prodotto.<\/p>\n<p>Contenuto della confezione 1 PadBRUSH (manico) + 2 Pad.<\/p>\n<p>Materiale brevettato a lunga durata. Pad di ricambio disponibile (Refill).<\/p>\n<\/div>\n","protected":false},"excerpt":{"rendered":"<ul>\n<li>Tampone di nuova generazione, ecologico e facile da pulire<\/li>\n<li>Combina la velocit\u00e0 e la facilit\u00e0 d&#8217;uso del rullo con la versatilit\u00e0 del pennello<\/li>\n<li>Decine di migliaia di minifibre permettono di trattenere la pittura ottimizzando l&#8217;applicazione senza colature<\/li>\n<li>Ideale per pitturazioni tradizionali e decorazione su muri e soffitti, applicazione della colla per tappezzeria<\/li>\n<\/ul>\n","protected":false},"featured_media":137,"comment_status":"open","ping_status":"closed","template":"","meta":{"_seopress_robots_primary_cat":"none","_seopress_titles_title":"","_seopress_titles_desc":"","_seopress_robots_index":"","_joinchat":[]},"product_brand":[],"product_cat":[31,50],"product_tag":[141],"class_list":{"0":"post-132","1":"product","2":"type-product","3":"status-publish","4":"has-post-thumbnail","6":"product_cat-tamponi","7":"product_cat-padbrush","8":"product_tag-padco","9":"product_shipping_class-classe-sped-padco","10":"has-post-title","11":"has-post-date","12":"has-post-category","13":"has-post-tag","14":"has-post-comment","15":"has-post-author","16":"","18":"first","19":"instock","20":"taxable","21":"shipping-taxable","22":"purchasable","23":"product-type-simple"},"_links":{"self":[{"href":"https:\/\/www.bancoboveri.com\/shop\/wp-json\/wp\/v2\/product\/132","targetHints":{"allow":["GET"]}}],"collection":[{"href":"https:\/\/www.bancoboveri.com\/shop\/wp-json\/wp\/v2\/product"}],"about":[{"href":"https:\/\/www.bancoboveri.com\/shop\/wp-json\/wp\/v2\/types\/product"}],"replies":[{"embeddable":true,"href":"https:\/\/www.bancoboveri.com\/shop\/wp-json\/wp\/v2\/comments?post=132"}],"wp:featuredmedia":[{"embeddable":true,"href":"https:\/\/www.bancoboveri.com\/shop\/wp-json\/wp\/v2\/media\/137"}],"wp:attachment":[{"href":"https:\/\/www.bancoboveri.com\/shop\/wp-json\/wp\/v2\/media?parent=132"}],"wp:term":[{"taxonomy":"product_brand","embeddable":true,"href":"https:\/\/www.bancoboveri.com\/shop\/wp-json\/wp\/v2\/product_brand?post=132"},{"taxonomy":"product_cat","embeddable":true,"href":"https:\/\/www.bancoboveri.com\/shop\/wp-json\/wp\/v2\/product_cat?post=132"},{"taxonomy":"product_tag","embeddable":true,"href":"https:\/\/www.bancoboveri.com\/shop\/wp-json\/wp\/v2\/product_tag?post=132"}],"curies":[{"name":"wp","href":"https:\/\/api.w.org\/{rel}","templated":true}]}}